{"id":75338,"date":"2026-03-17T17:05:28","date_gmt":"2026-03-17T16:05:28","guid":{"rendered":"https:\/\/arcusin.isocialdev.com\/?post_type=product&#038;p=75338"},"modified":"2026-03-20T11:22:49","modified_gmt":"2026-03-20T10:22:49","slug":"braga-de-cuello-arcusin-estampado-abstracto","status":"publish","type":"product","link":"https:\/\/arcusin.isocialdev.com\/es\/product\/braga-de-cuello-arcusin-estampado-abstracto\/","title":{"rendered":"BRAGA DE CUELLO ARCUSIN ESTAMPADO ABSTRACTO"},"content":{"rendered":"","protected":false},"excerpt":{"rendered":"<p>Braga de cuello de edici\u00f3n limitada, fabricada en Barcelona, \u200b\u200bcon un 95 % de algod\u00f3n reciclado. C\u00f3moda, vers\u00e1til y con protecci\u00f3n solar UPF 50.<\/p>\n","protected":false},"featured_media":75054,"comment_status":"closed","ping_status":"closed","template":"","meta":{"content-type":""},"product_brand":[],"product_cat":[567],"product_tag":[],"class_list":{"0":"post-75338","1":"product","2":"type-product","3":"status-publish","4":"has-post-thumbnail","6":"product_cat-merchandising","8":"first","9":"outofstock","10":"taxable","11":"shipping-taxable","12":"purchasable","13":"product-type-simple"},"_links":{"self":[{"href":"https:\/\/arcusin.isocialdev.com\/es\/wp-json\/wp\/v2\/product\/75338","targetHints":{"allow":["GET"]}}],"collection":[{"href":"https:\/\/arcusin.isocialdev.com\/es\/wp-json\/wp\/v2\/product"}],"about":[{"href":"https:\/\/arcusin.isocialdev.com\/es\/wp-json\/wp\/v2\/types\/product"}],"replies":[{"embeddable":true,"href":"https:\/\/arcusin.isocialdev.com\/es\/wp-json\/wp\/v2\/comments?post=75338"}],"version-history":[{"count":0,"href":"https:\/\/arcusin.isocialdev.com\/es\/wp-json\/wp\/v2\/product\/75338\/revisions"}],"wp:featuredmedia":[{"embeddable":true,"href":"https:\/\/arcusin.isocialdev.com\/es\/wp-json\/wp\/v2\/media\/75054"}],"wp:attachment":[{"href":"https:\/\/arcusin.isocialdev.com\/es\/wp-json\/wp\/v2\/media?parent=75338"}],"wp:term":[{"taxonomy":"product_brand","embeddable":true,"href":"https:\/\/arcusin.isocialdev.com\/es\/wp-json\/wp\/v2\/product_brand?post=75338"},{"taxonomy":"product_cat","embeddable":true,"href":"https:\/\/arcusin.isocialdev.com\/es\/wp-json\/wp\/v2\/product_cat?post=75338"},{"taxonomy":"product_tag","embeddable":true,"href":"https:\/\/arcusin.isocialdev.com\/es\/wp-json\/wp\/v2\/product_tag?post=75338"}],"curies":[{"name":"wp","href":"https:\/\/api.w.org\/{rel}","templated":true}]}}

<p>Braga de cuello de edición limitada, fabricada en Barcelona, ​​con un 95 % de algodón reciclado. Cómoda, versátil y con protección solar UPF 50.</p>
