{"id":75352,"date":"2022-12-28T10:12:30","date_gmt":"2022-12-28T09:12:30","guid":{"rendered":"https:\/\/arcusin.isocialdev.com\/?page_id=75352"},"modified":"2026-03-18T07:12:49","modified_gmt":"2026-03-18T06:12:49","slug":"politica-de-privacitat","status":"publish","type":"page","link":"https:\/\/arcusin.isocialdev.com\/ca\/politica-de-privacitat\/","title":{"rendered":"Politica de privacitat"},"content":{"rendered":"\t\t<div data-elementor-type=\"wp-page\" data-elementor-id=\"75352\" class=\"elementor elementor-75352 elementor-9913\" data-elementor-post-type=\"page\">\n\t\t\t\t\t\t<section class=\"elementor-section elementor-top-section elementor-element elementor-element-5178b25 elementor-section-boxed elementor-section-height-default elementor-section-height-default wpr-particle-no wpr-jarallax-no wpr-parallax-no wpr-sticky-section-no wpr-equal-height-no\" data-id=\"5178b25\" data-element_type=\"section\" data-e-type=\"section\">\n\t\t\t\t\t\t<div class=\"elementor-container elementor-column-gap-default\">\n\t\t\t\t\t<div class=\"elementor-column elementor-col-100 elementor-top-column elementor-element elementor-element-e4840da\" data-id=\"e4840da\" data-element_type=\"column\" data-e-type=\"column\" data-settings=\"{&quot;background_background&quot;:&quot;classic&quot;}\">\n\t\t\t<div class=\"elementor-widget-wrap elementor-element-populated\">\n\t\t\t\t\t\t<div class=\"elementor-element elementor-element-5d9491d elementor-widget elementor-widget-heading\" data-id=\"5d9491d\" data-element_type=\"widget\" data-e-type=\"widget\" data-widget_type=\"heading.default\">\n\t\t\t\t<div class=\"elementor-widget-container\">\n\t\t\t\t\t<h2 class=\"elementor-heading-title elementor-size-default\">POL\u00cdTICA DE PRIVACIDAD<\/h2>\t\t\t\t<\/div>\n\t\t\t\t<\/div>\n\t\t\t\t\t<\/div>\n\t\t<\/div>\n\t\t\t\t\t<\/div>\n\t\t<\/section>\n\t\t\t\t<section class=\"elementor-section elementor-top-section elementor-element elementor-element-a47fe84 elementor-section-boxed elementor-section-height-default elementor-section-height-default wpr-particle-no wpr-jarallax-no wpr-parallax-no wpr-sticky-section-no wpr-equal-height-no\" data-id=\"a47fe84\" data-element_type=\"section\" data-e-type=\"section\">\n\t\t\t\t\t\t<div class=\"elementor-container elementor-column-gap-default\">\n\t\t\t\t\t<div class=\"elementor-column elementor-col-100 elementor-top-column elementor-element elementor-element-bf75e7c\" data-id=\"bf75e7c\" data-element_type=\"column\" data-e-type=\"column\">\n\t\t\t<div class=\"elementor-widget-wrap elementor-element-populated\">\n\t\t\t\t\t\t<div class=\"elementor-element elementor-element-1ceb4f7 elementor-widget elementor-widget-text-editor\" data-id=\"1ceb4f7\" data-element_type=\"widget\" data-e-type=\"widget\" data-widget_type=\"text-editor.default\">\n\t\t\t\t<div class=\"elementor-widget-container\">\n\t\t\t\t\t\t\t\t\t<ol><li><b>INFORMACI\u00d3 A L\u2019USUARI<\/b><\/li><\/ol><p><b>Qui \u00e9s el responsable del tractament de les teves dades personals?<\/b><\/p><p><b>ARCUSIN S.A.<\/b> \u00e9s el <b>RESPONSABLE<\/b> del tractament de les dades personals de l\u2019USUARI i t\u2019informa que aquestes dades seran tractades de conformitat amb el que disposa el <b>Reglament (UE) 2016\/679, de 27 d\u2019abril (GDPR)<\/b>, i la <b>Llei Org\u00e0nica 3\/2018, de 5 de desembre (LOPDGDD)<\/b>.<\/p><p>\u00a0<\/p><p><span lang=\"en-US\"><b>Per a qu\u00e8 tractem les teves dades personals i per qu\u00e8 ho fem?<\/b><\/span><\/p><p><span lang=\"en-US\">Segons el formulari on h\u00e0gim obtingut les teves dades personals, les tractarem de manera confidencial per assolir els seg\u00fcents fins:<\/span><\/p><p><b>Al formulari de Contacte<\/b><\/p><ul><li><b>Donar resposta<\/b> a les consultes o qualsevol tipus de petici\u00f3 realitzada per l\u2019usuari a trav\u00e9s de les formes de contacte disponibles a la web del responsable.<br \/><i>(per l\u2019inter\u00e8s leg\u00edtim del responsable, art. 6.1.f GDPR)<\/i><\/li><li><b>Enviar comunicacions comercials<\/b> publicit\u00e0ries per correu electr\u00f2nic, fax, SMS, MMS, xarxes socials o qualsevol altre mitj\u00e0 electr\u00f2nic o f\u00edsic, present o futur, que permeti realitzar comunicacions comercials. Aquestes comunicacions seran realitzades pel responsable i relacionades amb els seus productes o serveis, o amb els dels seus col\u00b7laboradors o prove\u00efdors. En cap cas els tercers tindran acc\u00e9s a les dades personals.<br \/><i>(pel consentiment de l\u2019interessat, art. 6.1.a GDPR)<\/i><\/li><li><b>Realitzar an\u00e0lisis estad\u00edstiques i estudis de mercat.<\/b><br \/><i>(per l\u2019inter\u00e8s leg\u00edtim del responsable, art. 6.1.f GDPR)<\/i><\/li><\/ul><p><b>Al formulari de Newsletter<\/b><\/p><ul><li><b>Enviar butlletins informatius<\/b>, novetats, ofertes i promocions en l\u00ednia.<br \/><i>(pel consentiment de l\u2019interessat, art. 6.1.a GDPR)<\/i><\/li><\/ul><p>\u00a0<\/p><p><b>Durant quant temps conservarem les teves dades personals?<\/b><\/p><p>Es conservaran <b>nom\u00e9s durant el temps necessari<\/b> per mantenir la finalitat del tractament o mentre existeixin obligacions legals de cust\u00f2dia. Quan ja no siguin necess\u00e0ries, s\u2019eliminaran aplicant les mesures de seguretat adequades per garantir-ne l\u2019anonimitzaci\u00f3 o la destrucci\u00f3 total.<\/p><p>\u00a0<\/p><p><b>A qui facilitem les teves dades personals?<\/b><\/p><p>No est\u00e0 prevista cap comunicaci\u00f3 de dades a tercers, excepte si \u00e9s necessari per al desenvolupament de les finalitats del tractament, a <b>prove\u00efdors de serveis<\/b> relacionats amb comunicacions, amb els quals el RESPONSABLE t\u00e9 subscrits els corresponents contractes de confidencialitat i d\u2019encarregat del tractament.<\/p><p>\u00a0<\/p><p><span lang=\"en-US\"><b>Quins s\u00f3n els teus drets?<\/b><\/span><\/p><p>Els drets de l\u2019USUARI s\u00f3n:<\/p><ul><li><b>Dret a retirar el consentiment<\/b> en qualsevol moment.<\/li><li><b>Dret d\u2019acc\u00e9s, rectificaci\u00f3, portabilitat i supressi\u00f3<\/b> de les dades, aix\u00ed com <b>limitaci\u00f3 o oposici\u00f3<\/b> al seu tractament.<\/li><li><b>Dret a presentar una reclamaci\u00f3<\/b> davant de l\u2019autoritat de control (<i>www.aepd.es<\/i>) si considera que el tractament no s\u2019ajusta a la normativa vigent.<\/li><\/ul><p><b>Dades de contacte per exercir els teus drets:<\/b><\/p><p><b>ARCUSIN S.A.<\/b><br \/>Pol\u00edgon Ind. Pla de Urgell, Avda. Merlet, 8 \u2013 25245 Vila-sana (Lleida)<br \/>E-mail: <b>proteccion@arcusin.com<\/b><\/p><p>\u00a0<\/p><ol start=\"2\"><li><b>Car\u00e0cter obligatori o facultatiu de la informaci\u00f3 facilitada per l\u2019usuari<\/b><\/li><\/ol><p>Els USUARIS, mitjan\u00e7ant la marcaci\u00f3 de les caselles i l\u2019entrada de dades en els camps marcats amb asterisc (*) als formularis, <b>accepten de manera expressa i inequ\u00edvoca<\/b> que aquestes dades s\u00f3n necess\u00e0ries per atendre la seva petici\u00f3. La resta de dades s\u00f3n opcionals.<\/p><p>L\u2019USUARI garanteix la <b>veracitat<\/b> de les dades facilitades i es compromet a comunicar qualsevol modificaci\u00f3.<\/p><p>El RESPONSABLE informa que <b>totes les dades sol\u00b7licitades<\/b> a trav\u00e9s del lloc web s\u00f3n obligat\u00f2ries per obtenir un servei \u00f2ptim. Si no es faciliten, no es pot garantir que la informaci\u00f3 i els serveis siguin completament adequats a les seves necessitats.<\/p><p>\u00a0<\/p><ol start=\"3\"><li><b>Mesures de seguretat<\/b><\/li><\/ol><p>D\u2019acord amb les normatives vigents de protecci\u00f3 de dades, el RESPONSABLE compleix totes les disposicions del <b>GDPR<\/b> i la <b>LOPDGDD<\/b>. Les dades es tracten de manera <b>l\u00edcita, lleial i transparent<\/b>, aix\u00ed com <b>adequada, pertinent i limitada<\/b> al necessari.<\/p><p>El RESPONSABLE garanteix que ha implementat les mesures t\u00e8cniques i organitzatives adequades per protegir els drets i llibertats dels USUARIS i que ha comunicat la informaci\u00f3 necess\u00e0ria perqu\u00e8 aquests puguin exercir els seus drets.<\/p><p>Per a m\u00e9s informaci\u00f3 sobre garanties de privadesa, pots contactar amb:<\/p><p><b>ARCUSIN S.A.<\/b><br \/>Pol\u00edgon Ind. Pla de Urgell, Avda. Merlet, 8 \u2013 25245 Vila-sana (Lleida)<br \/>E-mail: <span style=\"color: #467886;\"><u><a href=\"mailto:proteccion@arcusin.com\"><b>proteccion@arcusin.com<\/b><\/a><\/u><\/span><\/p>\t\t\t\t\t\t\t\t<\/div>\n\t\t\t\t<\/div>\n\t\t\t\t\t<\/div>\n\t\t<\/div>\n\t\t\t\t\t<\/div>\n\t\t<\/section>\n\t\t\t\t<\/div>\n\t\t","protected":false},"excerpt":{"rendered":"<p>POL\u00cdTICA DE PRIVACIDAD INFORMACI\u00d3 A L\u2019USUARI Qui \u00e9s el responsable del tractament de les teves dades personals? ARCUSIN S.A. \u00e9s el RESPONSABLE del tractament de les dades personals de l\u2019USUARI i t\u2019informa que aquestes dades seran tractades de conformitat amb el que disposa el Reglament (UE) 2016\/679, de 27 d\u2019abril (GDPR), i la Llei Org\u00e0nica 3\/2018, de 5 de desembre (LOPDGDD). \u00a0 Per a qu\u00e8 tractem les teves dades personals i per qu\u00e8 ho fem? Segons el formulari on h\u00e0gim obtingut les teves dades personals, les tractarem de manera confidencial per assolir els seg\u00fcents fins: Al formulari de Contacte Donar resposta a les consultes o qualsevol tipus de petici\u00f3 realitzada per l\u2019usuari a trav\u00e9s de les formes de contacte disponibles a la web del responsable.(per l\u2019inter\u00e8s leg\u00edtim del responsable, art. 6.1.f GDPR) Enviar comunicacions comercials publicit\u00e0ries per correu electr\u00f2nic, fax, SMS, MMS, xarxes socials o qualsevol altre mitj\u00e0 electr\u00f2nic o f\u00edsic, present o futur, que permeti realitzar comunicacions comercials. Aquestes comunicacions seran realitzades pel responsable i relacionades amb els seus productes o serveis, o amb els dels seus col\u00b7laboradors o prove\u00efdors. En cap cas els tercers tindran acc\u00e9s a les dades personals.(pel consentiment de l\u2019interessat, art. 6.1.a GDPR) Realitzar an\u00e0lisis estad\u00edstiques i estudis de mercat.(per l\u2019inter\u00e8s leg\u00edtim del responsable, art. 6.1.f GDPR) Al formulari de Newsletter Enviar butlletins informatius, novetats, ofertes i promocions en l\u00ednia.(pel consentiment de l\u2019interessat, art. 6.1.a GDPR) \u00a0 Durant quant temps conservarem les teves dades personals? Es conservaran nom\u00e9s durant el temps necessari per mantenir la finalitat del tractament o mentre existeixin obligacions legals de cust\u00f2dia. Quan ja no siguin necess\u00e0ries, s\u2019eliminaran aplicant les mesures de seguretat adequades per garantir-ne l\u2019anonimitzaci\u00f3 o la destrucci\u00f3 total. \u00a0 A qui facilitem les teves dades personals? No est\u00e0 prevista cap comunicaci\u00f3 de dades a tercers, excepte si \u00e9s necessari per al desenvolupament de les finalitats del tractament, a prove\u00efdors de serveis relacionats amb comunicacions, amb els quals el RESPONSABLE t\u00e9 subscrits els corresponents contractes de confidencialitat i d\u2019encarregat del tractament. \u00a0 Quins s\u00f3n els teus drets? Els drets de l\u2019USUARI s\u00f3n: Dret a retirar el consentiment en qualsevol moment. Dret d\u2019acc\u00e9s, rectificaci\u00f3, portabilitat i supressi\u00f3 de les dades, aix\u00ed com limitaci\u00f3 o oposici\u00f3 al seu tractament. Dret a presentar una reclamaci\u00f3 davant de l\u2019autoritat de control (www.aepd.es) si considera que el tractament no s\u2019ajusta a la normativa vigent. Dades de contacte per exercir els teus drets: ARCUSIN S.A.Pol\u00edgon Ind. Pla de Urgell, Avda. Merlet, 8 \u2013 25245 Vila-sana (Lleida)E-mail: proteccion@arcusin.com \u00a0 Car\u00e0cter obligatori o facultatiu de la informaci\u00f3 facilitada per l\u2019usuari Els USUARIS, mitjan\u00e7ant la marcaci\u00f3 de les caselles i l\u2019entrada de dades en els camps marcats amb asterisc (*) als formularis, accepten de manera expressa i inequ\u00edvoca que aquestes dades s\u00f3n necess\u00e0ries per atendre la seva petici\u00f3. La resta de dades s\u00f3n opcionals. L\u2019USUARI garanteix la veracitat de les dades facilitades i es compromet a comunicar qualsevol modificaci\u00f3. El RESPONSABLE informa que totes les dades sol\u00b7licitades a trav\u00e9s del lloc web s\u00f3n obligat\u00f2ries per obtenir un servei \u00f2ptim. Si no es faciliten, no es pot garantir que la informaci\u00f3 i els serveis siguin completament adequats a les seves necessitats. \u00a0 Mesures de seguretat D\u2019acord amb les normatives vigents de protecci\u00f3 de dades, el RESPONSABLE compleix totes les disposicions del GDPR i la LOPDGDD. Les dades es tracten de manera l\u00edcita, lleial i transparent, aix\u00ed com adequada, pertinent i limitada al necessari. El RESPONSABLE garanteix que ha implementat les mesures t\u00e8cniques i organitzatives adequades per protegir els drets i llibertats dels USUARIS i que ha comunicat la informaci\u00f3 necess\u00e0ria perqu\u00e8 aquests puguin exercir els seus drets. Per a m\u00e9s informaci\u00f3 sobre garanties de privadesa, pots contactar amb: ARCUSIN S.A.Pol\u00edgon Ind. Pla de Urgell, Avda. Merlet, 8 \u2013 25245 Vila-sana (Lleida)E-mail: proteccion@arcusin.com<\/p>\n","protected":false},"author":159,"featured_media":0,"parent":0,"menu_order":0,"comment_status":"closed","ping_status":"closed","template":"elementor_header_footer","meta":{"content-type":"","footnotes":""},"class_list":["post-75352","page","type-page","status-publish","hentry"],"_links":{"self":[{"href":"https:\/\/arcusin.isocialdev.com\/ca\/wp-json\/wp\/v2\/pages\/75352","targetHints":{"allow":["GET"]}}],"collection":[{"href":"https:\/\/arcusin.isocialdev.com\/ca\/wp-json\/wp\/v2\/pages"}],"about":[{"href":"https:\/\/arcusin.isocialdev.com\/ca\/wp-json\/wp\/v2\/types\/page"}],"author":[{"embeddable":true,"href":"https:\/\/arcusin.isocialdev.com\/ca\/wp-json\/wp\/v2\/users\/159"}],"replies":[{"embeddable":true,"href":"https:\/\/arcusin.isocialdev.com\/ca\/wp-json\/wp\/v2\/comments?post=75352"}],"version-history":[{"count":3,"href":"https:\/\/arcusin.isocialdev.com\/ca\/wp-json\/wp\/v2\/pages\/75352\/revisions"}],"predecessor-version":[{"id":75355,"href":"https:\/\/arcusin.isocialdev.com\/ca\/wp-json\/wp\/v2\/pages\/75352\/revisions\/75355"}],"wp:attachment":[{"href":"https:\/\/arcusin.isocialdev.com\/ca\/wp-json\/wp\/v2\/media?parent=75352"}],"curies":[{"name":"wp","href":"https:\/\/api.w.org\/{rel}","templated":true}]}}

<div data-elementor-type="wp-page" data-elementor-id="75352" class="elementor elementor-75352 elementor-9913" data-elementor-post-type="page">
						<section class="elementor-section elementor-top-section elementor-element elementor-element-5178b25 elementor-section-boxed elementor-section-height-default elementor-section-height-default wpr-particle-no wpr-jarallax-no wpr-parallax-no wpr-sticky-section-no wpr-equal-height-no" data-id="5178b25" data-element_type="section" data-e-type="section">
						<div class="elementor-container elementor-column-gap-default">
					<div class="elementor-column elementor-col-100 elementor-top-column elementor-element elementor-element-e4840da" data-id="e4840da" data-element_type="column" data-e-type="column" data-settings="{&quot;background_background&quot;:&quot;classic&quot;}">
			<div class="elementor-widget-wrap elementor-element-populated">
						<div class="elementor-element elementor-element-5d9491d elementor-widget elementor-widget-heading" data-id="5d9491d" data-element_type="widget" data-e-type="widget" data-widget_type="heading.default">
				<div class="elementor-widget-container">
					<h2 class="elementor-heading-title elementor-size-default">POLÍTICA DE PRIVACIDAD</h2>				</div>
				</div>
					</div>
		</div>
					</div>
		</section>
				<section class="elementor-section elementor-top-section elementor-element elementor-element-a47fe84 elementor-section-boxed elementor-section-height-default elementor-section-height-default wpr-particle-no wpr-jarallax-no wpr-parallax-no wpr-sticky-section-no wpr-equal-height-no" data-id="a47fe84" data-element_type="section" data-e-type="section">
						<div class="elementor-container elementor-column-gap-default">
					<div class="elementor-column elementor-col-100 elementor-top-column elementor-element elementor-element-bf75e7c" data-id="bf75e7c" data-element_type="column" data-e-type="column">
			<div class="elementor-widget-wrap elementor-element-populated">
						<div class="elementor-element elementor-element-1ceb4f7 elementor-widget elementor-widget-text-editor" data-id="1ceb4f7" data-element_type="widget" data-e-type="widget" data-widget_type="text-editor.default">
				<div class="elementor-widget-container">
									<ol><li><b>INFORMACIÓ A L’USUARI</b></li></ol><p><b>Qui és el responsable del tractament de les teves dades personals?</b></p><p><b>ARCUSIN S.A.</b> és el <b>RESPONSABLE</b> del tractament de les dades personals de l’USUARI i t’informa que aquestes dades seran tractades de conformitat amb el que disposa el <b>Reglament (UE) 2016/679, de 27 d’abril (GDPR)</b>, i la <b>Llei Orgànica 3/2018, de 5 de desembre (LOPDGDD)</b>.</p><p> </p><p><span lang="en-US"><b>Per a què tractem les teves dades personals i per què ho fem?</b></span></p><p><span lang="en-US">Segons el formulari on hàgim obtingut les teves dades personals, les tractarem de manera confidencial per assolir els següents fins:</span></p><p><b>Al formulari de Contacte</b></p><ul><li><b>Donar resposta</b> a les consultes o qualsevol tipus de petició realitzada per l’usuari a través de les formes de contacte disponibles a la web del responsable.<br /><i>(per l’interès legítim del responsable, art. 6.1.f GDPR)</i></li><li><b>Enviar comunicacions comercials</b> publicitàries per correu electrònic, fax, SMS, MMS, xarxes socials o qualsevol altre mitjà electrònic o físic, present o futur, que permeti realitzar comunicacions comercials. Aquestes comunicacions seran realitzades pel responsable i relacionades amb els seus productes o serveis, o amb els dels seus col·laboradors o proveïdors. En cap cas els tercers tindran accés a les dades personals.<br /><i>(pel consentiment de l’interessat, art. 6.1.a GDPR)</i></li><li><b>Realitzar anàlisis estadístiques i estudis de mercat.</b><br /><i>(per l’interès legítim del responsable, art. 6.1.f GDPR)</i></li></ul><p><b>Al formulari de Newsletter</b></p><ul><li><b>Enviar butlletins informatius</b>, novetats, ofertes i promocions en línia.<br /><i>(pel consentiment de l’interessat, art. 6.1.a GDPR)</i></li></ul><p> </p><p><b>Durant quant temps conservarem les teves dades personals?</b></p><p>Es conservaran <b>només durant el temps necessari</b> per mantenir la finalitat del tractament o mentre existeixin obligacions legals de custòdia. Quan ja no siguin necessàries, s’eliminaran aplicant les mesures de seguretat adequades per garantir-ne l’anonimització o la destrucció total.</p><p> </p><p><b>A qui facilitem les teves dades personals?</b></p><p>No està prevista cap comunicació de dades a tercers, excepte si és necessari per al desenvolupament de les finalitats del tractament, a <b>proveïdors de serveis</b> relacionats amb comunicacions, amb els quals el RESPONSABLE té subscrits els corresponents contractes de confidencialitat i d’encarregat del tractament.</p><p> </p><p><span lang="en-US"><b>Quins són els teus drets?</b></span></p><p>Els drets de l’USUARI són:</p><ul><li><b>Dret a retirar el consentiment</b> en qualsevol moment.</li><li><b>Dret d’accés, rectificació, portabilitat i supressió</b> de les dades, així com <b>limitació o oposició</b> al seu tractament.</li><li><b>Dret a presentar una reclamació</b> davant de l’autoritat de control (<i>www.aepd.es</i>) si considera que el tractament no s’ajusta a la normativa vigent.</li></ul><p><b>Dades de contacte per exercir els teus drets:</b></p><p><b>ARCUSIN S.A.</b><br />Polígon Ind. Pla de Urgell, Avda. Merlet, 8 – 25245 Vila-sana (Lleida)<br />E-mail: <b>proteccion@arcusin.com</b></p><p> </p><ol start="2"><li><b>Caràcter obligatori o facultatiu de la informació facilitada per l’usuari</b></li></ol><p>Els USUARIS, mitjançant la marcació de les caselles i l’entrada de dades en els camps marcats amb asterisc (*) als formularis, <b>accepten de manera expressa i inequívoca</b> que aquestes dades són necessàries per atendre la seva petició. La resta de dades són opcionals.</p><p>L’USUARI garanteix la <b>veracitat</b> de les dades facilitades i es compromet a comunicar qualsevol modificació.</p><p>El RESPONSABLE informa que <b>totes les dades sol·licitades</b> a través del lloc web són obligatòries per obtenir un servei òptim. Si no es faciliten, no es pot garantir que la informació i els serveis siguin completament adequats a les seves necessitats.</p><p> </p><ol start="3"><li><b>Mesures de seguretat</b></li></ol><p>D’acord amb les normatives vigents de protecció de dades, el RESPONSABLE compleix totes les disposicions del <b>GDPR</b> i la <b>LOPDGDD</b>. Les dades es tracten de manera <b>lícita, lleial i transparent</b>, així com <b>adequada, pertinent i limitada</b> al necessari.</p><p>El RESPONSABLE garanteix que ha implementat les mesures tècniques i organitzatives adequades per protegir els drets i llibertats dels USUARIS i que ha comunicat la informació necessària perquè aquests puguin exercir els seus drets.</p><p>Per a més informació sobre garanties de privadesa, pots contactar amb:</p><p><b>ARCUSIN S.A.</b><br />Polígon Ind. Pla de Urgell, Avda. Merlet, 8 – 25245 Vila-sana (Lleida)<br />E-mail: <span style="color: #467886;"><u><a href="mailto:proteccion@arcusin.com"><b>proteccion@arcusin.com</b></a></u></span></p>								</div>
				</div>
					</div>
		</div>
					</div>
		</section>
				</div>

<p>POLÍTICA DE PRIVACIDAD INFORMACIÓ A L’USUARI Qui és el responsable del tractament de les teves dades personals? ARCUSIN S.A. és el RESPONSABLE del tractament de les dades personals de l’USUARI i t’informa que aquestes dades seran tractades de conformitat amb el que disposa el Reglament (UE) 2016/679, de 27 d’abril (GDPR), i la Llei Orgànica 3/2018, de 5 de desembre (LOPDGDD).   Per a què tractem les teves dades personals i per què ho fem? Segons el formulari on hàgim obtingut les teves dades personals, les tractarem de manera confidencial per assolir els següents fins: Al formulari de Contacte Donar resposta a les consultes o qualsevol tipus de petició realitzada per l’usuari a través de les formes de contacte disponibles a la web del responsable.(per l’interès legítim del responsable, art. 6.1.f GDPR) Enviar comunicacions comercials publicitàries per correu electrònic, fax, SMS, MMS, xarxes socials o qualsevol altre mitjà electrònic o físic, present o futur, que permeti realitzar comunicacions comercials. Aquestes comunicacions seran realitzades pel responsable i relacionades amb els seus productes o serveis, o amb els dels seus col·laboradors o proveïdors. En cap cas els tercers tindran accés a les dades personals.(pel consentiment de l’interessat, art. 6.1.a GDPR) Realitzar anàlisis estadístiques i estudis de mercat.(per l’interès legítim del responsable, art. 6.1.f GDPR) Al formulari de Newsletter Enviar butlletins informatius, novetats, ofertes i promocions en línia.(pel consentiment de l’interessat, art. 6.1.a GDPR)   Durant quant temps conservarem les teves dades personals? Es conservaran només durant el temps necessari per mantenir la finalitat del tractament o mentre existeixin obligacions legals de custòdia. Quan ja no siguin necessàries, s’eliminaran aplicant les mesures de seguretat adequades per garantir-ne l’anonimització o la destrucció total.   A qui facilitem les teves dades personals? No està prevista cap comunicació de dades a tercers, excepte si és necessari per al desenvolupament de les finalitats del tractament, a proveïdors de serveis relacionats amb comunicacions, amb els quals el RESPONSABLE té subscrits els corresponents contractes de confidencialitat i d’encarregat del tractament.   Quins són els teus drets? Els drets de l’USUARI són: Dret a retirar el consentiment en qualsevol moment. Dret d’accés, rectificació, portabilitat i supressió de les dades, així com limitació o oposició al seu tractament. Dret a presentar una reclamació davant de l’autoritat de control (www.aepd.es) si considera que el tractament no s’ajusta a la normativa vigent. Dades de contacte per exercir els teus drets: ARCUSIN S.A.Polígon Ind. Pla de Urgell, Avda. Merlet, 8 – 25245 Vila-sana (Lleida)E-mail: proteccion@arcusin.com   Caràcter obligatori o facultatiu de la informació facilitada per l’usuari Els USUARIS, mitjançant la marcació de les caselles i l’entrada de dades en els camps marcats amb asterisc (*) als formularis, accepten de manera expressa i inequívoca que aquestes dades són necessàries per atendre la seva petició. La resta de dades són opcionals. L’USUARI garanteix la veracitat de les dades facilitades i es compromet a comunicar qualsevol modificació. El RESPONSABLE informa que totes les dades sol·licitades a través del lloc web són obligatòries per obtenir un servei òptim. Si no es faciliten, no es pot garantir que la informació i els serveis siguin completament adequats a les seves necessitats.   Mesures de seguretat D’acord amb les normatives vigents de protecció de dades, el RESPONSABLE compleix totes les disposicions del GDPR i la LOPDGDD. Les dades es tracten de manera lícita, lleial i transparent, així com adequada, pertinent i limitada al necessari. El RESPONSABLE garanteix que ha implementat les mesures tècniques i organitzatives adequades per protegir els drets i llibertats dels USUARIS i que ha comunicat la informació necessària perquè aquests puguin exercir els seus drets. Per a més informació sobre garanties de privadesa, pots contactar amb: ARCUSIN S.A.Polígon Ind. Pla de Urgell, Avda. Merlet, 8 – 25245 Vila-sana (Lleida)E-mail: proteccion@arcusin.com</p>
